 + 7*c - 5. Calculate m(7).
-5
Let b(m) = -7*m + 21. Calculate b(11).
-56
Let v(n) = n**3 + 4*n**2 + 7*n + 6. What is v(-4)?
-22
Let k(b) = -b**2 - 10*b + 54. Calculate k(-13).
15
Let h(w) = 2*w**3 - w**2 + w - 3. Give h(2).
11
Let o(b) = -239*b + 1200. What is o(5)?
5
Let u(y) = -y**3 - y**2 - y + 5. Determine u(-4).
57
Let d(j) = -3*j + 9. Determine d(5).
-6
Let u(r) = -r**2 + 6*r - 18. Determine u(5).
-13
Let t(w) = 3*w - 21. Calculate t(3).
-12
Let s(r) = r**3 + 6*r**2 + 7*r + 8. Give s(-6).
-34
Let s(q) = -q**2 + 10*q + 2. Determine s(5).
27
Let l(h) = -h**2 - 5*h - 4. Give l(-5).
-4
Let n(y) = 2*y + 25. Determine n(-5).
15
Let r(q) = -12*q - 352. Calculate r(-30).
8
Let a(o) = 2*o**3 + 21*o**2 + 11*o + 8. What is a(-10)?
-2
Let h(p) = p**3 + p**2 - 10*p - 4. Calculate h(-3).
8
Let o(l) = 8*l + 6. Determine o(-5).
-34
Let y(v) = -v**3 - 5*v**2 - 4*v - 6. Give y(-4).
-6
Let i(x) = -x**3 + x**2 - x - 3. What is i(3)?
-24
Let s(j) = -j**2 - 4. Give s(0).
-4
Let s(w) = w**3 + 7*w**2 - 6*w - 6. Give s(-8).
-22
Let r(a) = -a. Calculate r(-2).
2
Let v(l) = -l**2 + 17*l - 66. What is v(5)?
-6
Let j(p) = -p**2 - 5*p + 14. Calculate j(-7).
0
Let j(o) = o**2 + 10*o - 30. What is j(-13)?
9
Let j(n) = n**2 + 7*n + 2. Determine j(-5).
-8
Let a(f) = -f**3 + 3*f**2 - 3*f - 2. What is a(3)?
-11
Let o(g) = g - 34. What is o(15)?
-19
Let c(j) = 5*j**2 - 19*j. Calculate c(4).
4
Let j(x) = -x**2 + 20*x - 1. Calculate j(0).
-1
Let b(x) = x**3 - 2*x**2 - 3*x - 1. What is b(4)?
19
Let m(f) = -f**3 + 26*f**2 + 33*f + 31. Calculate m(27).
193
Let m(l) = -21*l**2 + l - 1. What is m(-2)?
-87
Let n(i) = -i**2 - 5*i + 15. Give n(-8).
-9
Let l(t) = -3*t**3 + 18*t**2 - 2*t. What is l(6)?
-12
Let z(l) = -l**2 - 7*l + 1. Determine z(-11).
-43
Let y(t) = -4*t + 23. Determine y(8).
-9
Let f(b) = b**2 + 6*b - 19. Determine f(-8).
-3
Let p(m) = -2*m**2 + 6*m + 1. Determine p(7).
-55
Let h(v) = -v**3 + 17*v**2 + 37*v - 5. Give h(19).
-24
Let r(v) = -v**3 + 10*v**2 - 3*v + 28. Give r(10).
-2
Let k(u) = -9*u - 126. Give k(-17).
27
Let r(l) = l**2 + 18*l - 66. Determine r(3).
-3
Let j(f) = 2*f**2 + 2*f - 1. Determine j(3).
23
Let n(q) = 6*q**2 + 29*q + 5. Calculate n(-4).
-15
Let p(s) = s**3 + s**2. What is p(-1)?
0
Let l(i) = -i**3 + i**2 - i - 44. Give l(0).
-44
Let u(h) = h**2 + h - 17. Determine u(-4).
-5
Let a(j) = -j**3 - 19*j**2 + 16*j - 28. Determine a(-20).
52
Let h(w) = -w**3 + 14*w**2 - 25*w - 9. What is h(12)?
-21
Let a(x) = -2*x - 10. What is a(7)?
-24
Let s(k) = -7*k + 63. Give s(5).
28
Let z(f) = -f**2 + 8*f + 3. What is z(7)?
10
Let c(t) = t**2 + 2*t. What is c(-8)?
48
Let r(n) = 36*n + 13. Calculate r(-2).
-59
Let l(k) = -k - 85. Calculate l(-75).
-10
Let b(j) = -66*j**2 - 1. Determine b(-1).
-67
Let r(z) = -z**2 + z + 8. Determine r(7).
-34
Let v(k) = k**3 - 8*k**2 - 10*k - 9. Give v(9).
-18
Let z(v) = -2*v**2 - 2*v - 24. Calculate z(0).
-24
Let g(p) = -5*p - 1. Calculate g(7).
-36
Let g(f) = -38*f + 57. What is g(3)?
-57
Let i(p) = -p**2 + 6*p + 37. Give i(10).
-3
Let o(t) = t**3 + 42*t**2 + t + 50. What is o(-42)?
8
Let p(s) = -20*s - 6. Determine p(1).
-26
Let v(h) = -2*h**2 - 24*h + 17. What is v(-8)?
81
Let u(r) = -r**2 - 3*r + 3. Calculate u(2).
-7
Let t(x) = -x**2 + 7*x + 167. Give t(-10).
-3
Let h(t) = t**3 + 10*t**2 + 10*t + 10. Give h(-9).
1
Let r(c) = c**3 + 26*c**2 - 29*c - 46. Calculate r(-27).
8
Let o(g) = -2*g**2 - 5*g - 7. Give o(-2).
-5
Let z(c) = 21*c**2 + 3*c - 1. Calculate z(-1).
17
Let f(k) = 7*k**2 + 1. What is f(-2)?
29
Let v(z) = z**3 + 9*z**2 - 7*z + 8. Calculate v(-10).
-22
Let f(o) = 7*o**3 - 10*o**2 - 19*o - 8. What is f(-1)?
-6
Let r(d) = d**3 - 8*d**2 - 10. What is r(8)?
-10
Let r(i) = -i**2 - 16*i + 13. Determine r(-16).
13
Let f(s) = -6*s**2 - 25*s + 3. What is f(-2)?
29
Let w(p) = -p**2 + 9*p - 3. Give w(7).
11
Let w(k) = 10*k + 2. Determine w(-3).
-28
Let o(y) = y**3 + 6*y**2 - 8*y + 1. Give o(-7).
8
Let s(v) = -5*v**2 + 18*v + 12. Determine s(4).
4
Let g(w) = w**3 + 9*w**2 - 22*w + 3. Determine g(-11).
3
Let g(r) = -r**3 - 8*r**2 + 8*r - 7. Determine g(-9).
2
Let q(y) = -10*y + 123. Give q(13).
-7
Let y(g) = g - 3. What is y(2)?
-1
Let z(k) = -k - 6. Give z(7).
-13
Let u(s) = -10*s + 80. Give u(12).
-40
Let d(y) = -25*y + 16. Give d(1).
-9
Let f(n) = 5*n - 14. Calculate f(-4).
-34
Let s(x) = x**3 + 2*x**2 + 10. What is s(-3)?
1
Let f(b) = b - 25. Determine f(21).
-4
Let d(u) = u**3 + u**2 - 2. Calculate d(-2).
-6
Let d(b) = -b**2 + 4*b + 12. Give d(6).
0
Let u(f) = f**2 - 10*f + 8. Calculate u(5).
-17
Let h(i) = i**3 - 2*i**2 - 20*i + 49. What is h(3)?
-2
Let r(s) = 2*s**2 - 8*s + 5. Calculate r(5).
15
Let h(b) = 4*b**2 + 3*b - 10. Calculate h(4).
66
Let f(b) = b**3 + 16*b**2 + 13*b - 15. Determine f(-15).
15
Let h(k) = -14*k + 31. Calculate h(5).
-39
Let i(g) = -g**3 + 30*g**2 - 28*g - 39. Calculate i(29).
-10
Let y(q) = -q**3 - 11*q**2 + 2*q + 9. Determine y(-11).
-13
Let l(c) = -c**3 + 4*c + 2. Determine l(0).
2
Let t(x) = x + 6. What is t(-3)?
3
Let c(p) = -3*p + 27. Calculate c(7).
6
Let a(s) = s**2 + 6*s - 8. Give a(-7).
-1
Let x(p) = 11*p - 3. Give x(1).
8
Let h(y) = 3*y - 52. Calculate h(18).
2
Let g(z) = 15*z**2 - 2. Give g(2).
58
Let p(g) = -g**2 - 3*g + 12. What is p(-9)?
-42
Let j(r) = -r**2 + 8*r + 22. Calculate j(11).
-11
Let q(t) = -32*t**3 - 2*t**2 - 2*t + 4. Calculate q(1).
-32
Let u(r) = -3*r**2 + 37*r + 2. What is u(12)?
14
Let o(c) = -c**3 + 14*c**2 + 16*c - 17. Calculate o(15).
-2
Let s(d) = -d**3 + 2*d**2 - 3*d + 2. Give s(5).
-88
Let q(c) = -c**2 + 2*c - 1. Calculate q(1).
0
Let l(c) = c**2 - 2*c - 2. What is l(0)?
-2
Let b(k) = k**2 - 11*k - 63. What is b(16)?
17
Let j(s) = 28*s - 1. Determine j(-1).
-29
Let w(x) = -x**2 - 23*x + 76. Determine w(-27).
-32
Let r(l) = -l**3 - 26*l**2 + 25*l - 23. Give r(-27).
31
Let r(b) = -b + 11. Give r(-9).
20
Let a(d) = -d - 7. Give a(-9).
2
Let u(h) = h**3 + 15*h**2 + 10*h - 65. Calculate u(-14).
-9
Let p(a) = a - 10. Calculate p(-8).
-18
Let v(j) = j**3 + 6*j**2 + 4*j + 20. Give v(-6).
-4
Let y(n) = -5*n + 5. Give y(6).
-25
Let q(w) = w**3 - 3*w**2 - 10*w + 12. Calculate q(4).
-12
Let o(u) = u**2 + 37. What is o(0)?
37
Let h(o) = o**3 + 8*o**2 + 4. Give h(-8).
4
Let p(n) = n + 5. What is p(-10)?
-5
Let v(c) = -5*c - 5. What is v(-7)?
30
Let c(n) = 3*n**2 - 46*n + 18. What is c(15)?
3
Let y(q) = -q**3 + 6*q**2 - 7*q - 6. Determine y(4).
-2
Let r(f) = 4*f + 33. Calculate r(-7).
5
Let w(n) = -3*n**2 - 44*n - 5. Calculate w(-15).
-20
Let h(y) = -y**3 - 5*y**2 + 4. What is h(-5)?
4
Let m(s) = s**3 + 3*s**2 + 5*s + 2. What is m(-3)?
-13
Let p(z) = -z**3 - 11*z**2 + 123*z - 42. Determine p(-18).
12
Let k(o) = o**2 - 3*o + 8. Calculate k(3).
8
Let a(f) = f**3 + f**2 - 4*f + 2. Calculate a(1).
0
Let m(j) = -j**2 + 8*j + 44. What is m(-6)?
-40
Let h(w) = w**3 + 4*w**2 + 3. Determine h(-3).
12
Let s(d) = -d**2 - 2*d - 2. Give s(-4).
-10
Let t(u) = 6*u - 41. Give t(7).
1
Let f(q) = -3*q**2 - 25*q - 16. What is f(-7)?
12
Let i(c) = 4*c - 6. What is i(-4)?
-22
Let f(g) = g**2 + 15*g - 98. Give f(-20).
2
Let q(o) = -2*o - 47. Calculate q(-28).
9
Let x(g) = -g**3 + 7*g**2 + g + 6. Give x(7).
13
Let f(a) = a**3 + 12*a**2 + 8*a - 32. What is f(-11)?
1
Let h(r) = 17*r**2 - r - 1. Calculate h(-1).
17
Let m(p) = 2*p**3 + 9*p**2 + 17*p + 13. Give m(-4).
-39
Let b(u) = u**3 + 8*u**2 + 12. Determine b(-8).
12
Let v(x) = -4*x + 8. Give v(-4).
24
Let g(j) = -j**2 - 7*j + 5. Give g(-7).
5
Let q(o) = -o**3 - 4*o**2 - 2*o - 2. Calculate q(-3).
-5
Let i(g) = g**3 + 3*g**2 - 6*g - 10. Give i(-4).
-2
Let w(s) = s**3 + 22*s**2 - 24*s - 16. Calculate w(-23).
7
Let c(y) = y**2 + 2*y - 62. What is c(5)?
-27
Let c(r) = 2*r**3 + 6*r**2 - 23*r - 10. Determine c(-5).
5
Let u(a) = -a**3 + 4*a**2 + 13*a + 5. What is u(-4)?
81
Let w(r) = -r**2 - 5*r + 42. Calculate w(8).
-62
Let l(k) = -2*k + 9. Give l(6).
-3
Let k(d) = 17*d - 54. Give k(3).
-3
Let w(c) = -2*c**2 - 97*c - 310. Give w(-45).
5
Let k(f) = -f**3 - 5*f**2. Give k(-4).
-16
Let d(i) = -2*i**2 - 16*i - 2. Determine d(-8).
-2
Let q(b) = b**2 + 7*b + 2. Determine q(-5).
-8
Let x(u) = -u**2 - 4*u. Calculate x(4).
-32
Let u(a) = -8*a**2 - 57*a + 4. What is u(-7)?
11
Let j(k) = k**2 + 7*k - 34. Give j(0).
-34
Let j(a) = 45*a - 134. Give j(3).
1
Let m